[INFO] fetching crate blacken 0.0.1...
[INFO] checking blacken-0.0.1 against master#cfbc6d4cf1acbac5c025acf8ed68929caa551df3 for pr-75494-beta
[INFO] extracting crate blacken 0.0.1 into /workspace/builds/worker-3/source
[INFO] validating manifest of crates.io crate blacken 0.0.1 on toolchain cfbc6d4cf1acbac5c025acf8ed68929caa551df3
[INFO] running `Command { std: "/workspace/cargo-home/bin/cargo" "+cfbc6d4cf1acbac5c025acf8ed68929caa551df3" "read-manifest" "--manifest-path" "Cargo.toml", kill_on_drop: false }`
[INFO] started tweaking crates.io crate blacken 0.0.1
[INFO] finished tweaking crates.io crate blacken 0.0.1
[INFO] tweaked toml for crates.io crate blacken 0.0.1 written to /workspace/builds/worker-3/source/Cargo.toml
[INFO] running `Command { std: "/workspace/cargo-home/bin/cargo" "+cfbc6d4cf1acbac5c025acf8ed68929caa551df3" "generate-lockfile" "--manifest-path" "Cargo.toml" "-Zno-index-update", kill_on_drop: false }`
[INFO] running `Command { std: "/workspace/cargo-home/bin/cargo" "+cfbc6d4cf1acbac5c025acf8ed68929caa551df3" "fetch" "--locked" "--manifest-path" "Cargo.toml", kill_on_drop: false }`
[INFO] running `Command { std: "docker" "create" "-v" "/var/lib/crater-agent-workspace/builds/worker-3/target:/opt/rustwide/target:rw,Z" "-v" "/var/lib/crater-agent-workspace/builds/worker-3/source:/opt/rustwide/workdir:ro,Z" "-v" "/var/lib/crater-agent-workspace/cargo-home:/opt/rustwide/cargo-home:ro,Z" "-v" "/var/lib/crater-agent-workspace/rustup-home:/opt/rustwide/rustup-home:ro,Z" "-e" "SOURCE_DIR=/opt/rustwide/workdir" "-e" "CARGO_TARGET_DIR=/opt/rustwide/target" "-e" "CARGO_HOME=/opt/rustwide/cargo-home" "-e" "RUSTUP_HOME=/opt/rustwide/rustup-home" "-w" "/opt/rustwide/workdir" "-m" "1610612736" "--user" "0:0" "--network" "none" "rustops/crates-build-env@sha256:a636fd89d022f18117e1dc8fb37a0a009933cdbbe082814857f0e2024962d47c" "/opt/rustwide/cargo-home/bin/cargo" "+cfbc6d4cf1acbac5c025acf8ed68929caa551df3" "metadata" "--no-deps" "--format-version=1", kill_on_drop: false }`
[INFO] [stdout] ae51eaa285290814d26e4992b37fda30a11227f8eabbb5737395379933edeab4
[INFO] [stderr] WARNING: Your kernel does not support swap limit capabilities or the cgroup is not mounted. Memory limited without swap.
[INFO] running `Command { std: "docker" "start" "-a" "ae51eaa285290814d26e4992b37fda30a11227f8eabbb5737395379933edeab4", kill_on_drop: false }`
[INFO] running `Command { std: "docker" "inspect" "ae51eaa285290814d26e4992b37fda30a11227f8eabbb5737395379933edeab4", kill_on_drop: false }`
[INFO] running `Command { std: "docker" "rm" "-f" "ae51eaa285290814d26e4992b37fda30a11227f8eabbb5737395379933edeab4", kill_on_drop: false }`
[INFO] [stdout] ae51eaa285290814d26e4992b37fda30a11227f8eabbb5737395379933edeab4
[INFO] running `Command { std: "docker" "create" "-v" "/var/lib/crater-agent-workspace/builds/worker-3/target:/opt/rustwide/target:rw,Z" "-v" "/var/lib/crater-agent-workspace/builds/worker-3/source:/opt/rustwide/workdir:ro,Z" "-v" "/var/lib/crater-agent-workspace/cargo-home:/opt/rustwide/cargo-home:ro,Z" "-v" "/var/lib/crater-agent-workspace/rustup-home:/opt/rustwide/rustup-home:ro,Z" "-e" "SOURCE_DIR=/opt/rustwide/workdir" "-e" "CARGO_TARGET_DIR=/opt/rustwide/target" "-e" "CARGO_INCREMENTAL=0" "-e" "RUST_BACKTRACE=full" "-e" "RUSTFLAGS=--cap-lints=forbid" "-e" "CARGO_HOME=/opt/rustwide/cargo-home" "-e" "RUSTUP_HOME=/opt/rustwide/rustup-home" "-w" "/opt/rustwide/workdir" "-m" "1610612736" "--user" "0:0" "--network" "none" "rustops/crates-build-env@sha256:a636fd89d022f18117e1dc8fb37a0a009933cdbbe082814857f0e2024962d47c" "/opt/rustwide/cargo-home/bin/cargo" "+cfbc6d4cf1acbac5c025acf8ed68929caa551df3" "check" "--frozen" "--all" "--all-targets" "--message-format=json", kill_on_drop: false }`
[INFO] [stdout] 7a13a8cb85771c2a27afa924d386b1e51ee09e010e6c3517c9a9d1497f54a5c0
[INFO] [stderr] WARNING: Your kernel does not support swap limit capabilities or the cgroup is not mounted. Memory limited without swap.
[INFO] running `Command { std: "docker" "start" "-a" "7a13a8cb85771c2a27afa924d386b1e51ee09e010e6c3517c9a9d1497f54a5c0", kill_on_drop: false }`
[INFO] [stderr]    Compiling winapi v0.3.9
[INFO] [stderr]     Checking blacken v0.0.1 (/opt/rustwide/workdir)
[INFO] [stdout] error[E0433]: failed to resolve: could not find `um` in `win32`
[INFO] [stdout]  --> src/main.rs:8:12
[INFO] [stdout]   |
[INFO] [stdout] 8 |     win32::um::winuser::PostMessageW,
[INFO] [stdout]   |            ^^ could not find `um` in `win32`
[INFO] [stdout] 
[INFO] [stdout] 
[INFO] [stdout] error[E0433]: failed to resolve: could not find `um` in `win32`
[INFO] [stdout]  --> src/main.rs:9:12
[INFO] [stdout]   |
[INFO] [stdout] 9 |     win32::um::winuser::HWND_BROADCAST,
[INFO] [stdout]   |            ^^ could not find `um` in `win32`
[INFO] [stdout] 
[INFO] [stdout] 
[INFO] [stdout] error[E0433]: failed to resolve: could not find `um` in `win32`
[INFO] [stdout]   --> src/main.rs:10:12
[INFO] [stdout]    |
[INFO] [stdout] 10 |     win32::um::winuser::WM_SYSCOMMAND,
[INFO] [stdout]    |            ^^ could not find `um` in `win32`
[INFO] [stdout] 
[INFO] [stdout] 
[INFO] [stdout] error[E0433]: failed to resolve: could not find `um` in `win32`
[INFO] [stdout]   --> src/main.rs:11:12
[INFO] [stdout]    |
[INFO] [stdout] 11 |     win32::um::winuser::SC_MONITORPOWER,
[INFO] [stdout]    |            ^^ could not find `um` in `win32`
[INFO] [stdout] 
[INFO] [stdout] 
[INFO] [stdout] error[E0425]: cannot find function, tuple struct or tuple variant `PostMessageW` in this scope
[INFO] [stdout]   --> src/main.rs:27:14
[INFO] [stdout]    |
[INFO] [stdout] 27 |     unsafe { PostMessageW(HWND_BROADCAST, WM_SYSCOMMAND, SC_MONITORPOWER, 2); }
[INFO] [stdout]    |              ^^^^^^^^^^^^ not found in this scope
[INFO] [stdout] 
[INFO] [stdout] 
[INFO] [stdout] error[E0425]: cannot find value `HWND_BROADCAST` in this scope
[INFO] [stdout]   --> src/main.rs:27:27
[INFO] [stdout]    |
[INFO] [stdout] 27 |     unsafe { PostMessageW(HWND_BROADCAST, WM_SYSCOMMAND, SC_MONITORPOWER, 2); }
[INFO] [stdout]    |                           ^^^^^^^^^^^^^^ not found in this scope
[INFO] [stdout] 
[INFO] [stdout] 
[INFO] [stdout] error[E0425]: cannot find value `WM_SYSCOMMAND` in this scope
[INFO] [stdout]   --> src/main.rs:27:43
[INFO] [stdout]    |
[INFO] [stdout] 27 |     unsafe { PostMessageW(HWND_BROADCAST, WM_SYSCOMMAND, SC_MONITORPOWER, 2); }
[INFO] [stdout]    |                                           ^^^^^^^^^^^^^ not found in this scope
[INFO] [stdout] 
[INFO] [stdout] 
[INFO] [stdout] error[E0425]: cannot find value `SC_MONITORPOWER` in this scope
[INFO] [stdout]   --> src/main.rs:27:58
[INFO] [stdout]    |
[INFO] [stdout] 27 |     unsafe { PostMessageW(HWND_BROADCAST, WM_SYSCOMMAND, SC_MONITORPOWER, 2); }
[INFO] [stdout]    |                                                          ^^^^^^^^^^^^^^^ not found in this scope
[INFO] [stdout] 
[INFO] [stdout] 
[INFO] [stdout] error[E0433]: failed to resolve: could not find `um` in `win32`
[INFO] [stdout]  --> src/main.rs:8:12
[INFO] [stdout]   |
[INFO] [stdout] 8 |     win32::um::winuser::PostMessageW,
[INFO] [stdout]   |            ^^ could not find `um` in `win32`
[INFO] [stdout] 
[INFO] [stdout] 
[INFO] [stdout] error[E0433]: failed to resolve: could not find `um` in `win32`
[INFO] [stdout]  --> src/main.rs:9:12
[INFO] [stdout]   |
[INFO] [stdout] 9 |     win32::um::winuser::HWND_BROADCAST,
[INFO] [stdout]   |            ^^ could not find `um` in `win32`
[INFO] [stdout] 
[INFO] [stdout] 
[INFO] [stdout] error[E0433]: failed to resolve: could not find `um` in `win32`
[INFO] [stdout]   --> src/main.rs:10:12
[INFO] [stdout]    |
[INFO] [stdout] 10 |     win32::um::winuser::WM_SYSCOMMAND,
[INFO] [stdout]    |            ^^ could not find `um` in `win32`
[INFO] [stdout] 
[INFO] [stdout] 
[INFO] [stdout] error[E0433]: failed to resolve: could not find `um` in `win32`
[INFO] [stdout]   --> src/main.rs:11:12
[INFO] [stdout]    |
[INFO] [stdout] 11 |     win32::um::winuser::SC_MONITORPOWER,
[INFO] [stdout]    |            ^^ could not find `um` in `win32`
[INFO] [stdout] 
[INFO] [stdout] 
[INFO] [stdout] error: aborting due to 8 previous errors
[INFO] [stdout] 
[INFO] [stdout] 
[INFO] [stdout] Some errors have detailed explanations: E0425, E0433.
[INFO] [stdout] 
[INFO] [stdout] For more information about an error, try `rustc --explain E0425`.
[INFO] [stdout] 
[INFO] [stderr] error: could not compile `blacken`.
[INFO] [stderr] 
[INFO] [stderr] To learn more, run the command again with --verbose.
[INFO] [stderr] warning: build failed, waiting for other jobs to finish...
[INFO] [stdout] error[E0425]: cannot find function, tuple struct or tuple variant `PostMessageW` in this scope
[INFO] [stdout]   --> src/main.rs:27:14
[INFO] [stdout]    |
[INFO] [stdout] 27 |     unsafe { PostMessageW(HWND_BROADCAST, WM_SYSCOMMAND, SC_MONITORPOWER, 2); }
[INFO] [stdout]    |              ^^^^^^^^^^^^ not found in this scope
[INFO] [stdout] 
[INFO] [stdout] 
[INFO] [stdout] error[E0425]: cannot find value `HWND_BROADCAST` in this scope
[INFO] [stdout]   --> src/main.rs:27:27
[INFO] [stdout]    |
[INFO] [stdout] 27 |     unsafe { PostMessageW(HWND_BROADCAST, WM_SYSCOMMAND, SC_MONITORPOWER, 2); }
[INFO] [stdout]    |                           ^^^^^^^^^^^^^^ not found in this scope
[INFO] [stdout] 
[INFO] [stdout] 
[INFO] [stdout] error[E0425]: cannot find value `WM_SYSCOMMAND` in this scope
[INFO] [stdout]   --> src/main.rs:27:43
[INFO] [stdout]    |
[INFO] [stdout] 27 |     unsafe { PostMessageW(HWND_BROADCAST, WM_SYSCOMMAND, SC_MONITORPOWER, 2); }
[INFO] [stdout]    |                                           ^^^^^^^^^^^^^ not found in this scope
[INFO] [stdout] 
[INFO] [stdout] 
[INFO] [stdout] error[E0425]: cannot find value `SC_MONITORPOWER` in this scope
[INFO] [stdout]   --> src/main.rs:27:58
[INFO] [stdout]    |
[INFO] [stdout] 27 |     unsafe { PostMessageW(HWND_BROADCAST, WM_SYSCOMMAND, SC_MONITORPOWER, 2); }
[INFO] [stdout]    |                                                          ^^^^^^^^^^^^^^^ not found in this scope
[INFO] [stdout] 
[INFO] [stdout] 
[INFO] [stdout] error: aborting due to 8 previous errors
[INFO] [stdout] 
[INFO] [stdout] 
[INFO] [stdout] Some errors have detailed explanations: E0425, E0433.
[INFO] [stdout] 
[INFO] [stdout] For more information about an error, try `rustc --explain E0425`.
[INFO] [stdout] 
[INFO] [stderr] error: build failed
[INFO] running `Command { std: "docker" "inspect" "7a13a8cb85771c2a27afa924d386b1e51ee09e010e6c3517c9a9d1497f54a5c0", kill_on_drop: false }`
[INFO] running `Command { std: "docker" "rm" "-f" "7a13a8cb85771c2a27afa924d386b1e51ee09e010e6c3517c9a9d1497f54a5c0", kill_on_drop: false }`
[INFO] [stdout] 7a13a8cb85771c2a27afa924d386b1e51ee09e010e6c3517c9a9d1497f54a5c0
